greatest common divisor of 390 and 840.
30
Calculate the highest common factor of 737 and 67.
67
What is the highest common divisor of 88 and 220?
44
Calculate the greatest common divisor of 57 and 3.
3
Calculate the greatest common divisor of 1024 and 64.
64
What is the greatest common divisor of 1102 and 38?
38
What is the highest common factor of 3 and 8?
1
Calculate the greatest common divisor of 764 and 7449.
191
Calculate the greatest common divisor of 20 and 370.
10
Calculate the greatest common factor of 325 and 600.
25
What is the greatest common factor of 36 and 171?
9
What is the greatest common factor of 8160 and 48?
48
What is the highest common divisor of 48 and 1968?
48
What is the highest common factor of 640 and 20?
20
Calculate the greatest common divisor of 106 and 583.
53
Calculate the greatest common factor of 144 and 880.
16
Calculate the greatest common factor of 61048 and 104.
104
What is the greatest common divisor of 268 and 1206?
134
What is the greatest common factor of 155 and 1488?
31
What is the highest common factor of 24 and 648?
24
Calculate the greatest common factor of 675 and 150.
75
What is the highest common factor of 13 and 1144?
13
What is the highest common factor of 208 and 64?
16
Calculate the greatest common divisor of 51 and 68.
17
Calculate the highest common factor of 13197 and 6.
3
What is the greatest common factor of 176 and 208?
16
What is the highest common factor of 918 and 34?
34
What is the highest common factor of 28 and 48?
4
Calculate the highest common divisor of 32 and 7136.
32
Calculate the highest common factor of 40 and 1000.
40
Calculate the greatest common divisor of 14 and 2.
2
What is the greatest common factor of 10481 and 223?
223
What is the highest common factor of 54 and 2349?
27
Calculate the highest common divisor of 14 and 322.
14
What is the greatest common factor of 9772 and 28?
28
Calculate the highest common factor of 57 and 76.
19
What is the highest common factor of 45 and 117?
9
Calculate the greatest common factor of 86 and 2107.
43
What is the greatest common divisor of 5243 and 49?
49
Calculate the greatest common divisor of 54 and 126.
18
Calculate the greatest common factor of 70 and 1435.
35
Calculate the greatest common divisor of 99 and 8811.
99
What is the highest common divisor of 8 and 872?
8
Calculate the greatest common divisor of 265 and 530.
265
What is the highest common factor of 13 and 4511?
13
Calculate the greatest common divisor of 108 and 2916.
108
Calculate the highest common divisor of 84 and 224.
28
What is the highest common divisor of 56 and 182?
14
What is the greatest common factor of 7 and 91?
7
Calculate the highest common factor of 195 and 15.
15
Calculate the highest common factor of 3610 and 30.
10
Calculate the greatest common factor of 286 and 110.
22
What is the highest common divisor of 3 and 717?
3
What is the highest common factor of 16 and 104?
8
What is the highest common divisor of 15 and 4185?
15
Calculate the highest common factor of 60 and 348.
12
Calculate the highest common divisor of 67 and 737.
67
What is the highest common divisor of 1322 and 1?
1
What is the highest common divisor of 107 and 43763?
107
Calculate the highest common factor of 8 and 72.
8
What is the greatest common divisor of 10 and 335?
5
What is the greatest common factor of 57 and 17727?
57
Calculate the highest common divisor of 28 and 7.
7
What is the highest common factor of 100 and 2050?
50
What is the greatest common divisor of 7455 and 35?
35
Calculate the highest common factor of 45 and 1035.
45
Calculate the greatest common factor of 427 and 133.
7
What is the highest common factor of 63 and 5271?
21
What is the highest common divisor of 28 and 17?
1
What is the greatest common factor of 152 and 16?
8
Calculate the greatest common divisor of 39 and 1001.
13
Calculate the highest common factor of 8216 and 104.
104
Calculate the greatest common factor of 10 and 1690.
10
What is the highest common divisor of 14 and 7042?
14
Calculate the greatest common factor of 249 and 332.
83
What is the highest common divisor of 392 and 6860?
196
Calculate the highest common factor of 30 and 1110.
30
Calculate the highest common factor of 92 and 8280.
92
What is the highest common factor of 195 and 135?
15
Calculate the highest common divisor of 44 and 2046.
22
What is the greatest common divisor of 330 and 3850?
110
Calculate the greatest common divisor of 30589 and 181.
181
Calculate the highest common divisor of 8234 and 230.
46
What is the greatest common divisor of 90 and 40?
10
What is the greatest common factor of 2470 and 130?
130
Calculate the highest common factor of 110 and 1485.
55
Calculate the greatest common factor of 84 and 42.
42
Calculate the greatest common factor of 15573 and 174.
87
Calculate the greatest common factor of 23 and 2783.
23
What is the highest common divisor of 11830 and 390?
130
What is the highest common divisor of 24 and 120?
24
Calculate the highest common divisor of 1776 and 3.
3
What is the highest common divisor of 3 and 711?
3
Calculate the highest common factor of 783 and 29.
29
What is the highest common divisor of 108 and 1107?
27
Calculate the greatest common factor of 8 and 20632.
8
What is the greatest common divisor of 45 and 205?
5
What is the highest common factor of 144 and 2466?
18
What is the greatest common divisor of 315 and 2940?
105
Calculate the highest common divisor of 96 and 2472.
24
Calculate the highest common divisor of 32 and 512.
32
What is the highest common divisor of 60 and 45?
15
What is the greatest common factor of 432 and 48?
48
Calculate the greatest common divisor of 406 and 667.
29
Calculate the highest common factor of 385 and 105.
35
Calculate the highest common divisor of 584 and 657.
73
What is the greatest common divisor of 216 and 3592?
8
Calculate the highest common factor of 4740 and 48.
12
What is the highest common divisor of 8062 and 1390?
278
What is the highest common divisor of 10 and 2386?
2
Calculate the greatest common factor of 15 and 1845.
15
Calculate the greatest common divisor of 33480 and 90.
90
What is the greatest common factor of 12887 and 49?
49
What is the highest common factor of 150 and 36?
6
Calculate the highest common divisor of 69 and 1104.
69
Calculate the highest common divisor of 7718 and 68.
34
Calculate the highest common divisor of 286 and 208.
26
What is the highest common divisor of 1671 and 3?
3
What is the greatest common divisor of 99 and 869?
11
Calculate the highest common factor of 26 and 494.
26
What is the greatest common factor of 485 and 3589?
97
What is the highest common factor of 122 and 61?
61
What is the highest common divisor of 1712 and 16?
16
What is the greatest common divisor of 396 and 3222?
18
What is the highest common factor of 496 and 128?
16
What is the highest common divisor of 61 and 2867?
61
Calculate the highest common factor of 75 and 270.
15
What is the greatest common divisor of 288 and 1872?
144
Calculate the highest common factor of 11 and 407.
11
Calculate the highest common divisor of 64 and 536.
8
Calculate the greatest common factor of 420 and 45.
15
Calculate the greatest common divisor of 36 and 492.
12
What is the greatest common factor of 102 and 357?
51
What is the greatest common factor of 50 and 3725?
25
Calculate the greatest common divisor of 205 and 369.
41
Calculate the greatest common factor of 1105 and 2295.
85
Calculate the highest common factor of 611 and 47.
47
Calculate the greatest common factor of 177 and 118.
59
What is the greatest common factor of 10 and 75?
5
Calculate the greatest common divisor of 321 and 21.
3
Calculate the highest common factor of 222 and 14208.
222
What is the highest common divisor of 9928 and 85?
17
What is the highest common divisor of 76 and 874?
38
Calculate the greatest common factor of 160 and 1480.
40
What is the greatest common divisor of 17433 and 117?
117
Calculate the highest common divisor of 616 and 56.
56
Calculate the highest common divisor of 10 and 1030.
10
Calculate the greatest common divisor of 6975 and 5.
5
Calculate the highest common factor of 8272 and 264.
88
Calculate the greatest common divisor of 27 and 5553.
9
Calcula